[INFO] cloning repository https://github.com/SubstrateOrg/Canonical-Techfin
[INFO] running `Command { std: "git" "-c" "credential.helper=" "-c" "credential.helper=/workspace/cargo-home/bin/git-credential-null" "clone" "--bare" "https://github.com/SubstrateOrg/Canonical-Techfin" "/workspace/cache/git-repos/https%3A%2F%2Fgithub.com%2FSubstrateOrg%2FCanonical-Techfin", kill_on_drop: false }`
[INFO] [stderr] Cloning into bare repository '/workspace/cache/git-repos/https%3A%2F%2Fgithub.com%2FSubstrateOrg%2FCanonical-Techfin'...
[INFO] running `Command { std: "git" "rev-parse" "HEAD", kill_on_drop: false }`
[INFO] [stdout] 6204d8a9db05942f021273f157cb76423fc1b4ba
[INFO] checking SubstrateOrg/Canonical-Techfin against master#e6e4f7ed1589e03bc2f6c5931c1a72e7947e8682 for beta-170-4
[INFO] running `Command { std: "git" "clone" "/workspace/cache/git-repos/https%3A%2F%2Fgithub.com%2FSubstrateOrg%2FCanonical-Techfin" "/workspace/builds/worker-0-tc2/source", kill_on_drop: false }`
[INFO] [stderr] Cloning into '/workspace/builds/worker-0-tc2/source'...
[INFO] [stderr] done.
[INFO] validating manifest of git repo https://github.com/SubstrateOrg/Canonical-Techfin on toolchain e6e4f7ed1589e03bc2f6c5931c1a72e7947e8682
[INFO] running `Command { std: CARGO_HOME="/workspace/cargo-home" RUSTUP_HOME="/workspace/rustup-home" "/workspace/cargo-home/bin/cargo" "+e6e4f7ed1589e03bc2f6c5931c1a72e7947e8682" "metadata" "--manifest-path" "Cargo.toml" "--no-deps", kill_on_drop: false }`
[INFO] started tweaking git repo https://github.com/SubstrateOrg/Canonical-Techfin
[INFO] finished tweaking git repo https://github.com/SubstrateOrg/Canonical-Techfin
[INFO] tweaked toml for git repo https://github.com/SubstrateOrg/Canonical-Techfin written to /workspace/builds/worker-0-tc2/source/Cargo.toml
[INFO] crate git repo https://github.com/SubstrateOrg/Canonical-Techfin already has a lockfile, it will not be regenerated
[INFO] running `Command { std: CARGO_HOME="/workspace/cargo-home" RUSTUP_HOME="/workspace/rustup-home" "/workspace/cargo-home/bin/cargo" "+e6e4f7ed1589e03bc2f6c5931c1a72e7947e8682" "fetch" "--manifest-path" "Cargo.toml", kill_on_drop: false }`
[INFO] running `Command { std: "docker" "create" "-v" "/var/lib/crater-agent-workspace/builds/worker-0-tc2/target:/opt/rustwide/target:rw,Z" "-v" "/var/lib/crater-agent-workspace/builds/worker-0-tc2/source:/opt/rustwide/workdir:ro,Z" "-v" "/var/lib/crater-agent-workspace/cargo-home:/opt/rustwide/cargo-home:ro,Z" "-v" "/var/lib/crater-agent-workspace/rustup-home:/opt/rustwide/rustup-home:ro,Z" "-e" "SOURCE_DIR=/opt/rustwide/workdir" "-e" "CARGO_TARGET_DIR=/opt/rustwide/target" "-e" "CARGO_HOME=/opt/rustwide/cargo-home" "-e" "RUSTUP_HOME=/opt/rustwide/rustup-home" "-w" "/opt/rustwide/workdir" "-m" "1610612736" "--user" "0:0" "--network" "none" "ghcr.io/rust-lang/crates-build-env/linux@sha256:5ff2268d62e97bff2cde7d5815dd6ed5b47097566f13b8d0ca110b04b60e07ed" "/opt/rustwide/cargo-home/bin/cargo" "+e6e4f7ed1589e03bc2f6c5931c1a72e7947e8682" "metadata" "--no-deps" "--format-version=1", kill_on_drop: false }`
[INFO] [stdout] 9f95321823067aad886cdc03d0d4d03e7dcf9ae3d811e7c1d9a92a2a7128c99a
[INFO] running `Command { std: "docker" "start" "-a" "9f95321823067aad886cdc03d0d4d03e7dcf9ae3d811e7c1d9a92a2a7128c99a", kill_on_drop: false }`
[INFO] running `Command { std: "docker" "inspect" "9f95321823067aad886cdc03d0d4d03e7dcf9ae3d811e7c1d9a92a2a7128c99a", kill_on_drop: false }`
[INFO] running `Command { std: "docker" "rm" "-f" "9f95321823067aad886cdc03d0d4d03e7dcf9ae3d811e7c1d9a92a2a7128c99a", kill_on_drop: false }`
[INFO] [stdout] 9f95321823067aad886cdc03d0d4d03e7dcf9ae3d811e7c1d9a92a2a7128c99a
[INFO] running `Command { std: "docker" "create" "-v" "/var/lib/crater-agent-workspace/builds/worker-0-tc2/target:/opt/rustwide/target:rw,Z" "-v" "/var/lib/crater-agent-workspace/builds/worker-0-tc2/source:/opt/rustwide/workdir:ro,Z" "-v" "/var/lib/crater-agent-workspace/cargo-home:/opt/rustwide/cargo-home:ro,Z" "-v" "/var/lib/crater-agent-workspace/rustup-home:/opt/rustwide/rustup-home:ro,Z" "-e" "SOURCE_DIR=/opt/rustwide/workdir" "-e" "CARGO_TARGET_DIR=/opt/rustwide/target" "-e" "CARGO_INCREMENTAL=0" "-e" "RUST_BACKTRACE=full" "-e" "RUSTFLAGS=--cap-lints=forbid" "-e" "RUSTDOCFLAGS=--cap-lints=forbid" "-e" "CARGO_HOME=/opt/rustwide/cargo-home" "-e" "RUSTUP_HOME=/opt/rustwide/rustup-home" "-w" "/opt/rustwide/workdir" "-m" "1610612736" "--user" "0:0" "--network" "none" "ghcr.io/rust-lang/crates-build-env/linux@sha256:5ff2268d62e97bff2cde7d5815dd6ed5b47097566f13b8d0ca110b04b60e07ed" "/opt/rustwide/cargo-home/bin/cargo" "+e6e4f7ed1589e03bc2f6c5931c1a72e7947e8682" "check" "--frozen" "--all" "--all-targets" "--message-format=json", kill_on_drop: false }`
[INFO] [stdout] 206b52c858c9aff8afae2e5a7c934d5bbf42498c6a91efd80869a3476d8af943
[INFO] running `Command { std: "docker" "start" "-a" "206b52c858c9aff8afae2e5a7c934d5bbf42498c6a91efd80869a3476d8af943", kill_on_drop: false }`
[INFO] [stderr]    Compiling libc v0.2.62
[INFO] [stderr]    Compiling semver-parser v0.7.0
[INFO] [stderr]    Compiling arrayvec v0.4.11
[INFO] [stderr]    Compiling lazy_static v1.4.0
[INFO] [stderr]    Compiling cfg-if v0.1.9
[INFO] [stderr]    Compiling nodrop v0.1.13
[INFO] [stderr]    Compiling autocfg v0.1.6
[INFO] [stderr]    Compiling rayon-core v1.6.0
[INFO] [stderr]    Compiling scopeguard v1.0.0
[INFO] [stderr]    Compiling byteorder v1.3.2
[INFO] [stderr]    Compiling either v1.5.2
[INFO] [stderr]    Compiling log v0.4.8
[INFO] [stderr]    Compiling proc-macro2 v1.0.2
[INFO] [stderr]    Compiling syn v1.0.5
[INFO] [stderr]    Compiling proc-macro2 v0.4.30
[INFO] [stderr]    Compiling unicode-xid v0.1.0
[INFO] [stderr]     Checking rand_core v0.4.2
[INFO] [stderr]    Compiling crossbeam-utils v0.6.6
[INFO] [stderr]    Compiling syn v0.15.44
[INFO] [stderr]     Checking smallvec v0.6.10
[INFO] [stderr]    Compiling typenum v1.11.2
[INFO] [stderr]    Compiling serde v1.0.99
[INFO] [stderr]    Compiling semver v0.9.0
[INFO] [stderr]     Checking rand_core v0.3.1
[INFO] [stderr]     Checking rand_jitter v0.1.4
[INFO] [stderr]     Checking rand_xorshift v0.1.1
[INFO] [stderr]    Compiling rand_chacha v0.1.1
[INFO] [stderr]    Compiling crossbeam-queue v0.1.2
[INFO] [stderr]    Compiling rustc_version v0.2.3
[INFO] [stderr]    Compiling rand_pcg v0.1.2
[INFO] [stderr]    Compiling rand v0.6.5
[INFO] [stderr]     Checking rand_hc v0.1.0
[INFO] [stderr]     Checking rand_isaac v0.1.1
[INFO] [stderr]     Checking futures v0.1.28
[INFO] [stderr]    Compiling failure_derive v0.1.5
[INFO] [stderr]     Checking opaque-debug v0.2.3
[INFO] [stderr]    Compiling memoffset v0.5.1
[INFO] [stderr]     Checking byte-tools v0.3.1
[INFO] [stderr]     Checking fake-simd v0.1.2
[INFO] [stderr]     Checking block-padding v0.1.4
[INFO] [stderr]     Checking stable_deref_trait v1.1.1
[INFO] [stderr]     Checking rustc-demangle v0.1.16
[INFO] [stderr]     Checking subtle v1.0.0
[INFO] [stderr]    Compiling subtle v2.1.1
[INFO] [stderr]     Checking scopeguard v0.3.3
[INFO] [stderr]    Compiling memchr v2.2.1
[INFO] [stderr]    Compiling quote v1.0.2
[INFO] [stderr]    Compiling quote v0.6.13
[INFO] [stderr]     Checking owning_ref v0.4.0
[INFO] [stderr]     Checking keccak v0.1.0
[INFO] [stderr]     Checking constant_time_eq v0.1.4
[INFO] [stderr]    Compiling num_cpus v1.10.1
[INFO] [stderr]    Compiling crossbeam-epoch v0.7.2
[INFO] [stderr]     Checking rand_os v0.1.3
[INFO] [stderr]     Checking iovec v0.1.2
[INFO] [stderr]     Checking lock_api v0.1.5
[INFO] [stderr]     Checking rand v0.4.6
[INFO] [stderr]     Checking bytes v0.4.12
[INFO] [stderr]    Compiling parking_lot_core v0.4.0
[INFO] [stderr]     Checking byte-tools v0.2.0
[INFO] [stderr]    Compiling crossbeam-deque v0.7.1
[INFO] [stderr]     Checking arrayref v0.3.5
[INFO] [stderr]    Compiling num-traits v0.2.8
[INFO] [stderr]    Compiling getrandom v0.1.11
[INFO] [stderr]    Compiling num-integer v0.1.41
[INFO] [stderr]     Checking fnv v1.0.6
[INFO] [stderr]     Checking rand v0.5.6
[INFO] [stderr]    Compiling parking_lot_core v0.6.2
[INFO] [stderr]    Compiling crunchy v0.2.2
[INFO] [stderr]    Compiling parking_lot v0.9.0
[INFO] [stderr]     Checking thread_local v0.3.6
[INFO] [stderr]     Checking generic-array v0.12.3
[INFO] [stderr]     Checking generic-array v0.8.3
[INFO] [stderr]     Checking lock_api v0.3.1
[INFO] [stderr]     Checking rustc-hex v2.0.1
[INFO] [stderr]     Checking tokio-io v0.1.12
[INFO] [stderr]     Checking tokio-executor v0.1.8
[INFO] [stderr]    Compiling rayon v1.2.0
[INFO] [stderr]     Checking digest v0.6.2
[INFO] [stderr]     Checking crypto-mac v0.4.0
[INFO] [stderr]     Checking block-buffer v0.2.0
[INFO] [stderr]     Checking digest v0.8.1
[INFO] [stderr]     Checking block-buffer v0.7.3
[INFO] [stderr]     Checking crypto-mac v0.7.0
[INFO] [stderr]     Checking hmac v0.4.2
[INFO] [stderr]     Checking sha2 v0.6.0
[INFO] [stderr]     Checking aho-corasick v0.7.6
[INFO] [stderr]     Checking matches v0.1.8
[INFO] [stderr]     Checking regex-syntax v0.6.12
[INFO] [stderr]     Checking sha2 v0.8.0
[INFO] [stderr]     Checking hmac-drbg v0.1.2
[INFO] [stderr]     Checking unicode-bidi v0.3.4
[INFO] [stderr]     Checking hmac v0.7.1
[INFO] [stderr]     Checking tokio-codec v0.1.1
[INFO] [stderr]     Checking libsecp256k1 v0.2.2
[INFO] [stderr]     Checking parking_lot v0.7.1
[INFO] [stderr]     Checking unicode-normalization v0.1.8
[INFO] [stderr]    Compiling ppv-lite86 v0.2.5
[INFO] [stderr]     Checking uint v0.8.1
[INFO] [stderr]     Checking tokio-timer v0.2.11
[INFO] [stderr]    Compiling rand_core v0.5.1
[INFO] [stderr]     Checking byte-slice-cast v0.3.2
[INFO] [stderr]     Checking bitvec v0.14.0
[INFO] [stderr]    Compiling num-bigint v0.2.3
[INFO] [stderr]    Compiling heapsize v0.4.2
[INFO] [stderr]    Compiling num-rational v0.2.2
[INFO] [stderr]     Checking hash-db v0.15.2
[INFO] [stderr]     Checking pbkdf2 v0.3.0
[INFO] [stderr]    Compiling c2-chacha v0.2.2
[INFO] [stderr]     Checking parity-wasm v0.31.3
[INFO] [stderr]    Compiling sr-std v2.0.0 (https://github.com/paritytech/substrate.git?rev=ac6a2a783f0e1f4a814cf2add40275730cd41be1#ac6a2a78)
[INFO] [stderr]     Checking spin v0.5.2
[INFO] [stderr]     Checking untrusted v0.6.2
[INFO] [stderr]    Compiling rand_chacha v0.2.1
[INFO] [stderr]     Checking static_assertions v0.2.5
[INFO] [stderr]    Compiling rand v0.7.0
[INFO] [stderr]     Checking fixed-hash v0.4.0
[INFO] [stderr]     Checking once_cell v0.1.8
[INFO] [stderr]     Checking elastic-array v0.10.2
[INFO] [stderr]     Checking hashbrown v0.1.8
[INFO] [stderr]    Compiling hashbrown v0.6.0
[INFO] [stderr]     Checking memory_units v0.3.0
[INFO] [stderr]     Checking sha-1 v0.8.1
[INFO] [stderr]     Checking hash256-std-hasher v0.15.2
[INFO] [stderr]     Checking blake2-rfc v0.2.18
[INFO] [stderr]     Checking percent-encoding v1.0.1
[INFO] [stderr]     Checking base58 v0.1.0
[INFO] [stderr]     Checking hex v0.3.2
[INFO] [stderr]     Checking unsigned-varint v0.2.2
[INFO] [stderr]    Compiling parking_lot_core v0.5.0
[INFO] [stderr]     Checking quick-error v1.2.2
[INFO] [stderr]     Checking trie-root v0.15.2
[INFO] [stderr]     Checking sha3 v0.8.2
[INFO] [stderr]     Checking blake2 v0.8.1
[INFO] [stderr]    Compiling parking_lot v0.8.0
[INFO] [stderr]     Checking idna v0.1.5
[INFO] [stderr]    Compiling cc v1.0.41
[INFO] [stderr]     Checking void v1.0.2
[INFO] [stderr]     Checking itoa v0.4.4
[INFO] [stderr]    Compiling protobuf v2.8.0
[INFO] [stderr]     Checking wasmi-validation v0.1.0
[INFO] [stderr]     Checking parity-multihash v0.1.3
[INFO] [stderr]     Checking net2 v0.2.33
[INFO] [stderr]    Compiling sr-io v2.0.0 (https://github.com/paritytech/substrate.git?rev=ac6a2a783f0e1f4a814cf2add40275730cd41be1#ac6a2a78)
[INFO] [stderr]     Checking twox-hash v1.5.0
[INFO] [stderr]     Checking lock_api v0.2.0
[INFO] [stderr]     Checking bs58 v0.2.5
[INFO] [stderr]     Checking data-encoding v2.1.2
[INFO] [stderr]     Checking multistream-select v0.5.1
[INFO] [stderr]     Checking wasm-timer v0.1.2
[INFO] [stderr]     Checking mio v0.6.19
[INFO] [stderr]     Checking rw-stream-sink v0.1.2
[INFO] [stderr]     Checking tiny-keccak v1.5.0
[INFO] [stderr]     Checking environmental v1.0.1
[INFO] [stderr]     Checking tokio-sync v0.1.6
[INFO] [stderr]     Checking wasmi v0.5.0
[INFO] [stderr]     Checking integer-sqrt v0.1.2
[INFO] [stderr]    Compiling pkg-config v0.3.15
[INFO] [stderr]    Compiling ryu v1.0.0
[INFO] [stderr]    Compiling httparse v1.3.4
[INFO] [stderr]     Checking tokio-current-thread v0.1.6
[INFO] [stderr]     Checking url v1.7.2
[INFO] [stderr]     Checking regex v1.3.1
[INFO] [stderr]    Compiling wasm-bindgen-shared v0.2.50
[INFO] [stderr]     Checking tokio-threadpool v0.1.15
[INFO] [stderr]     Checking http v0.1.18
[INFO] [stderr]     Checking tokio-reactor v0.1.9
[INFO] [stderr]    Compiling backtrace-sys v0.1.31
[INFO] [stderr]    Compiling clear_on_drop v0.2.3
[INFO] [stderr]    Compiling ring v0.14.6
[INFO] [stderr]     Checking mio-uds v0.6.7
[INFO] [stderr]     Checking tokio-tcp v0.1.3
[INFO] [stderr]     Checking tokio-udp v0.1.5
[INFO] [stderr]     Checking tokio-uds v0.2.5
[INFO] [stderr]     Checking tokio-fs v0.1.6
[INFO] [stderr]    Compiling parking_lot_core v0.3.1
[INFO] [stderr]    Compiling bumpalo v2.6.0
[INFO] [stderr]     Checking futures-core-preview v0.3.0-alpha.17
[INFO] [stderr]    Compiling libz-sys v1.0.25
[INFO] [stderr]     Checking tokio v0.1.22
[INFO] [stderr]    Compiling miniz-sys v0.1.12
[INFO] [stderr]     Checking futures-sink-preview v0.3.0-alpha.17
[INFO] [stderr]    Compiling curve25519-dalek v1.2.3
[INFO] [stderr]     Checking futures-cpupool v0.1.8
[INFO] [stderr]     Checking merlin v1.2.0
[INFO] [stderr]    Compiling crc32fast v1.2.0
[INFO] [stderr]     Checking futures-channel-preview v0.3.0-alpha.17
[INFO] [stderr]     Checking block-cipher-trait v0.6.2
[INFO] [stderr]    Compiling wasm-bindgen v0.2.50
[INFO] [stderr]     Checking futures-io-preview v0.3.0-alpha.17
[INFO] [stderr]     Checking backtrace v0.3.37
[INFO] [stderr]     Checking pin-utils v0.1.0-alpha.4
[INFO] [stderr]     Checking parking_lot v0.6.4
[INFO] [stderr]    Compiling wasm-bindgen-backend v0.2.50
[INFO] [stderr]     Checking futures-util-preview v0.3.0-alpha.17
[INFO] [stderr]     Checking substrate-panic-handler v2.0.0 (https://github.com/paritytech/substrate.git?rev=ac6a2a783f0e1f4a814cf2add40275730cd41be1#ac6a2a78)
[INFO] [stderr]    Compiling synstructure v0.10.2
[INFO] [stderr]     Checking base64 v0.10.1
[INFO] [stderr]     Checking stream-cipher v0.3.2
[INFO] [stderr]     Checking rand v0.3.23
[INFO] [stderr]     Checking parking_lot_core v0.2.14
[INFO] [stderr]     Checking time v0.1.42
[INFO] [stderr]     Checking owning_ref v0.3.3
[INFO] [stderr]    Compiling snow v0.5.2
[INFO] [stderr]    Compiling unicode-segmentation v1.3.0
[INFO] [stderr]     Checking ctr v0.3.2
[INFO] [stderr]     Checking parking_lot v0.5.5
[INFO] [stderr]     Checking aes-soft v0.3.3
[INFO] [stderr]     Checking flate2 v1.0.11
[INFO] [stderr]    Compiling slog v2.5.2
[INFO] [stderr]     Checking sha1 v0.6.0
[INFO] [stderr]     Checking nohash-hasher v0.1.1
[INFO] [stderr]     Checking c_linked_list v1.1.1
[INFO] [stderr]     Checking byteorder v0.5.3
[INFO] [stderr]     Checking static_slice v0.0.3
[INFO] [stderr]     Checking quick-error v0.1.4
[INFO] [stderr]    Compiling heck v0.3.1
[INFO] [stderr]     Checking cuckoofilter v0.3.2
[INFO] [stderr]     Checking yamux v0.2.1
[INFO] [stderr]     Checking get_if_addrs v0.5.3
[INFO] [stderr]     Checking aes-ctr v0.3.0
[INFO] [stderr]     Checking aio-limited v0.1.0
[INFO] [stderr]     Checking twofish v0.2.0
[INFO] [stderr]     Checking tokio-dns-unofficial v0.4.0
[INFO] [stderr]     Checking dns-parser v0.8.0
[INFO] [stderr]    Compiling bitflags v1.1.0
[INFO] [stderr]     Checking ipnet v2.0.0
[INFO] [stderr]     Checking parity-send-wrapper v0.1.0
[INFO] [stderr]     Checking strum v0.15.0
[INFO] [stderr]     Checking parity-bytes v0.1.0 (https://github.com/paritytech/parity-common?rev=b0317f649ab2c665b7987b8475878fc4d2e1f81d#b0317f64)
[INFO] [stderr]    Compiling serde_derive v1.0.99
[INFO] [stderr]    Compiling proc-macro-hack v0.5.9
[INFO] [stderr]     Checking chrono v0.4.9
[INFO] [stderr]     Checking crossbeam-channel v0.3.9
[INFO] [stderr]     Checking kvdb v0.1.0 (https://github.com/paritytech/parity-common?rev=b0317f649ab2c665b7987b8475878fc4d2e1f81d#b0317f64)
[INFO] [stderr]     Checking soketto v0.2.3
[INFO] [stderr]     Checking arc-swap v0.3.11
[INFO] [stderr]     Checking take_mut v0.2.2
[INFO] [stderr]     Checking x25519-dalek v0.5.2
[INFO] [stderr]    Compiling version_check v0.1.5
[INFO] [stderr]    Compiling safe-mix v1.0.0
[INFO] [stderr]     Checking bitmask v0.5.0
[INFO] [stderr]    Compiling glob v0.2.11
[INFO] [stderr]    Compiling nom v4.2.3
[INFO] [stderr]    Compiling libloading v0.5.2
[INFO] [stderr]    Compiling atty v0.2.13
[INFO] [stderr]    Compiling unicode-width v0.1.6
[INFO] [stderr]    Compiling textwrap v0.10.0
[INFO] [stderr]    Compiling wasm-bindgen-macro-support v0.2.50
[INFO] [stderr]    Compiling humantime v1.2.0
[INFO] [stderr]     Checking futures-executor-preview v0.3.0-alpha.17
[INFO] [stderr]     Checking futures-preview v0.3.0-alpha.17
[INFO] [stderr]    Compiling clang-sys v0.26.4
[INFO] [stderr]    Compiling openssl-sys v0.9.49
[INFO] [stderr]     Checking futures-timer v0.2.1
[INFO] [stderr]    Compiling bindgen v0.47.3
[INFO] [stderr]    Compiling termcolor v1.0.5
[INFO] [stderr]    Compiling vec_map v0.8.1
[INFO] [stderr]     Checking webpki v0.19.1
[INFO] [stderr]    Compiling const-random-macro v0.1.6
[INFO] [stderr]    Compiling paste-impl v0.1.6
[INFO] [stderr]     Checking sct v0.5.0
[INFO] [stderr]    Compiling hex-literal-impl v0.2.1
[INFO] [stderr]    Compiling strsim v0.7.0
[INFO] [stderr]     Checking rustls v0.15.2
[INFO] [stderr]     Checking webpki-roots v0.16.0
[INFO] [stderr]    Compiling ansi_term v0.11.0
[INFO] [stderr]    Compiling clap v2.32.0
[INFO] [stderr]    Compiling cexpr v0.3.5
[INFO] [stderr] The following warnings were emitted during compilation:
[INFO] [stderr] 
[INFO] [stderr] warning: build/expando.c:4:24: error: pasting "RUST_VERSION_OPENSSL_" and "(" does not give a valid preprocessing token
[INFO] [stderr] warning:     4 | #define VERSION2(n, v) RUST_VERSION_##n##_##v
[INFO] [stderr] warning:       |                        ^~~~~~~~~~~~~
[INFO] [stderr] warning: build/expando.c:5:23: note: in expansion of macro 'VERSION2'
[INFO] [stderr] warning:     5 | #define VERSION(n, v) VERSION2(n, v)
[INFO] [stderr] warning:       |                       ^~~~~~~~
[INFO] [stderr] warning: build/expando.c:10:1: note: in expansion of macro 'VERSION'
[INFO] [stderr] warning:    10 | VERSION(OPENSSL, OPENSSL_VERSION_NUMBER)
[INFO] [stderr] warning:       | ^~~~~~~
[INFO] [stderr] 
[INFO] [stderr] error: failed to run custom build command for `openssl-sys v0.9.49`
[INFO] [stderr] note: To improve backtraces for build dependencies, set the CARGO_PROFILE_DEV_BUILD_OVERRIDE_DEBUG=true environment variable to enable debug information generation.
[INFO] [stderr] 
[INFO] [stderr] Caused by:
[INFO] [stderr]   process didn't exit successfully: `/opt/rustwide/target/debug/build/openssl-sys-ae68390b5f67d9ee/build-script-main` (exit status: 101)
[INFO] [stderr]   --- stdout
[INFO] [stderr]   cargo:rustc-cfg=const_fn
[INFO] [stderr]   cargo:rerun-if-env-changed=X86_64_UNKNOWN_LINUX_GNU_OPENSSL_LIB_DIR
[INFO] [stderr]   X86_64_UNKNOWN_LINUX_GNU_OPENSSL_LIB_DIR unset
[INFO] [stderr]   cargo:rerun-if-env-changed=OPENSSL_LIB_DIR
[INFO] [stderr]   OPENSSL_LIB_DIR unset
[INFO] [stderr]   cargo:rerun-if-env-changed=X86_64_UNKNOWN_LINUX_GNU_OPENSSL_INCLUDE_DIR
[INFO] [stderr]   X86_64_UNKNOWN_LINUX_GNU_OPENSSL_INCLUDE_DIR unset
[INFO] [stderr]   cargo:rerun-if-env-changed=OPENSSL_INCLUDE_DIR
[INFO] [stderr]   OPENSSL_INCLUDE_DIR unset
[INFO] [stderr]   cargo:rerun-if-env-changed=X86_64_UNKNOWN_LINUX_GNU_OPENSSL_DIR
[INFO] [stderr]   X86_64_UNKNOWN_LINUX_GNU_OPENSSL_DIR unset
[INFO] [stderr]   cargo:rerun-if-env-changed=OPENSSL_DIR
[INFO] [stderr]   OPENSSL_DIR unset
[INFO] [stderr]   cargo:rustc-link-lib=ssl
[INFO] [stderr]   cargo:rustc-link-lib=crypto
[INFO] [stderr]   OPT_LEVEL = Some("0")
[INFO] [stderr]   TARGET = Some("x86_64-unknown-linux-gnu")
[INFO] [stderr]   HOST = Some("x86_64-unknown-linux-gnu")
[INFO] [stderr]   CC_x86_64-unknown-linux-gnu = None
[INFO] [stderr]   CC_x86_64_unknown_linux_gnu = None
[INFO] [stderr]   HOST_CC = None
[INFO] [stderr]   CC = None
[INFO] [stderr]   CFLAGS_x86_64-unknown-linux-gnu = None
[INFO] [stderr]   CFLAGS_x86_64_unknown_linux_gnu = None
[INFO] [stderr]   HOST_CFLAGS = None
[INFO] [stderr]   CFLAGS = None
[INFO] [stderr]   CRATE_CC_NO_DEFAULTS = None
[INFO] [stderr]   DEBUG = Some("true")
[INFO] [stderr]   CARGO_CFG_TARGET_FEATURE = Some("fxsr,sse,sse2")
[INFO] [stderr]   running: "cc" "-O0" "-ffunction-sections" "-fdata-sections" "-fPIC" "-g" "-fno-omit-frame-pointer" "-m64" "-Wall" "-Wextra" "-E" "build/expando.c"
[INFO] [stderr]   cargo:warning=build/expando.c:4:24: error: pasting "RUST_VERSION_OPENSSL_" and "(" does not give a valid preprocessing token
[INFO] [stderr]   cargo:warning=    4 | #define VERSION2(n, v) RUST_VERSION_##n##_##v
[INFO] [stderr]   cargo:warning=      |                        ^~~~~~~~~~~~~
[INFO] [stderr]   cargo:warning=build/expando.c:5:23: note: in expansion of macro 'VERSION2'
[INFO] [stderr]   cargo:warning=    5 | #define VERSION(n, v) VERSION2(n, v)
[INFO] [stderr]   cargo:warning=      |                       ^~~~~~~~
[INFO] [stderr]   cargo:warning=build/expando.c:10:1: note: in expansion of macro 'VERSION'
[INFO] [stderr]   cargo:warning=   10 | VERSION(OPENSSL, OPENSSL_VERSION_NUMBER)
[INFO] [stderr]   cargo:warning=      | ^~~~~~~
[INFO] [stderr]   exit status: 1
[INFO] [stderr] 
[INFO] [stderr]   --- stderr
[INFO] [stderr]   thread 'main' panicked at '
[INFO] [stderr]   Header expansion error:
[INFO] [stderr]   Error { kind: ToolExecError, message: "Command \"cc\" \"-O0\" \"-ffunction-sections\" \"-fdata-sections\" \"-fPIC\" \"-g\" \"-fno-omit-frame-pointer\" \"-m64\" \"-Wall\" \"-Wextra\" \"-E\" \"build/expando.c\" with args \"cc\" did not execute successfully (status code exit status: 1)." }
[INFO] [stderr] 
[INFO] [stderr]   Failed to find OpenSSL development headers.
[INFO] [stderr] 
[INFO] [stderr]   You can try fixing this setting the `OPENSSL_DIR` environment variable
[INFO] [stderr]   pointing to your OpenSSL installation or installing OpenSSL headers package
[INFO] [stderr]   specific to your distribution:
[INFO] [stderr] 
[INFO] [stderr]       # On Ubuntu
[INFO] [stderr]       sudo apt-get install libssl-dev
[INFO] [stderr]       # On Arch Linux
[INFO] [stderr]       sudo pacman -S openssl
[INFO] [stderr]       # On Fedora
[INFO] [stderr]       sudo dnf install openssl-devel
[INFO] [stderr] 
[INFO] [stderr]   See rust-openssl README for more information:
[INFO] [stderr] 
[INFO] [stderr]       https://github.com/sfackler/rust-openssl#linux
[INFO] [stderr]   ', /opt/rustwide/cargo-home/registry/src/index.crates.io-6f17d22bba15001f/openssl-sys-0.9.49/build/main.rs:126:13
[INFO] [stderr]   stack backtrace:
[INFO] [stderr]      0:     0x5641f03f44d1 - std::backtrace_rs::backtrace::libunwind::trace::ha9d9de1bf4176bfa
[INFO] [stderr]                                  at /rustc/e6e4f7ed1589e03bc2f6c5931c1a72e7947e8682/library/std/src/../../backtrace/src/backtrace/libunwind.rs:93:5
[INFO] [stderr]      1:     0x5641f03f44d1 - std::backtrace_rs::backtrace::trace_unsynchronized::h165c36ef694ada1c
[INFO] [stderr]                                  at /rustc/e6e4f7ed1589e03bc2f6c5931c1a72e7947e8682/library/std/src/../../backtrace/src/backtrace/mod.rs:66:5
[INFO] [stderr]      2:     0x5641f03f44d1 - std::sys_common::backtrace::_print_fmt::h4d89c7ce1e89b43d
[INFO] [stderr]                                  at /rustc/e6e4f7ed1589e03bc2f6c5931c1a72e7947e8682/library/std/src/sys_common/backtrace.rs:65:5
[INFO] [stderr]      3:     0x5641f03f44d1 - <std::sys_common::backtrace::_print::DisplayBacktrace as core::fmt::Display>::fmt::hfc68e8a2f3b7b37c
[INFO] [stderr]                                  at /rustc/e6e4f7ed1589e03bc2f6c5931c1a72e7947e8682/library/std/src/sys_common/backtrace.rs:44:22
[INFO] [stderr]      4:     0x5641f04163ef - core::fmt::rt::Argument::fmt::hc7dd5538f3de21b7
[INFO] [stderr]                                  at /rustc/e6e4f7ed1589e03bc2f6c5931c1a72e7947e8682/library/core/src/fmt/rt.rs:138:9
[INFO] [stderr]      5:     0x5641f04163ef - core::fmt::write::hac9705ca9b43c249
[INFO] [stderr]                                  at /rustc/e6e4f7ed1589e03bc2f6c5931c1a72e7947e8682/library/core/src/fmt/mod.rs:1094:21
[INFO] [stderr]      6:     0x5641f03f1bb1 - std::io::Write::write_fmt::h7bc9466b47d6774b
[INFO] [stderr]                                  at /rustc/e6e4f7ed1589e03bc2f6c5931c1a72e7947e8682/library/std/src/io/mod.rs:1713:15
[INFO] [stderr]      7:     0x5641f03f42e5 - std::sys_common::backtrace::_print::h03072469d8150f3e
[INFO] [stderr]                                  at /rustc/e6e4f7ed1589e03bc2f6c5931c1a72e7947e8682/library/std/src/sys_common/backtrace.rs:47:5
[INFO] [stderr]      8:     0x5641f03f42e5 - std::sys_common::backtrace::print::hd0f67791f02b87ae
[INFO] [stderr]                                  at /rustc/e6e4f7ed1589e03bc2f6c5931c1a72e7947e8682/library/std/src/sys_common/backtrace.rs:34:9
[INFO] [stderr]      9:     0x5641f03f59b7 - std::panicking::default_hook::{{closure}}::h7c8ccb2c703d1528
[INFO] [stderr]     10:     0x5641f03f57a4 - std::panicking::default_hook::h770c31d58b53801e
[INFO] [stderr]                                  at /rustc/e6e4f7ed1589e03bc2f6c5931c1a72e7947e8682/library/std/src/panicking.rs:288:9
[INFO] [stderr]     11:     0x5641f03f5e6c - std::panicking::rust_panic_with_hook::hb50e58c42f5187f2
[INFO] [stderr]                                  at /rustc/e6e4f7ed1589e03bc2f6c5931c1a72e7947e8682/library/std/src/panicking.rs:705:13
[INFO] [stderr]     12:     0x5641f03f5d67 - std::panicking::begin_panic_handler::{{closure}}::h4d6093b91efbd52e
[INFO] [stderr]                                  at /rustc/e6e4f7ed1589e03bc2f6c5931c1a72e7947e8682/library/std/src/panicking.rs:597:13
[INFO] [stderr]     13:     0x5641f03f4906 - std::sys_common::backtrace::__rust_end_short_backtrace::h318963d1ef4510cb
[INFO] [stderr]                                  at /rustc/e6e4f7ed1589e03bc2f6c5931c1a72e7947e8682/library/std/src/sys_common/backtrace.rs:151:18
[INFO] [stderr]     14:     0x5641f03f5ab2 - rust_begin_unwind
[INFO] [stderr]                                  at /rustc/e6e4f7ed1589e03bc2f6c5931c1a72e7947e8682/library/std/src/panicking.rs:593:5
[INFO] [stderr]     15:     0x5641f0368693 - core::panicking::panic_fmt::h6ce9f4b93775846b
[INFO] [stderr]                                  at /rustc/e6e4f7ed1589e03bc2f6c5931c1a72e7947e8682/library/core/src/panicking.rs:67:14
[INFO] [stderr]     16:     0x5641f036cd3a - build_script_main::validate_headers::h6dc2d791a4123085
[INFO] [stderr]     17:     0x5641f03731fd - build_script_main::find::try_pkg_config::h0671fe8cc88a93b1
[INFO] [stderr]     18:     0x5641f037208a - build_script_main::find::find_openssl_dir::h56590015b3adc6e7
[INFO] [stderr]     19:     0x5641f0371ed2 - build_script_main::find::get_openssl::{{closure}}::h5ab2e8b59e655569
[INFO] [stderr]     20:     0x5641f0374c69 - core::option::Option<T>::unwrap_or_else::h5b9ff985e97472d8
[INFO] [stderr]     21:     0x5641f0371cc1 - build_script_main::find::get_openssl::h272d32e26f43327d
[INFO] [stderr]     22:     0x5641f036a805 - build_script_main::main::hc2f6857716f09800
[INFO] [stderr]     23:     0x5641f036f663 - core::ops::function::FnOnce::call_once::h0e86d44f53bc3fc3
[INFO] [stderr]     24:     0x5641f03738b6 - std::sys_common::backtrace::__rust_begin_short_backtrace::h3ceedcc28673ed88
[INFO] [stderr]     25:     0x5641f036ef29 - std::rt::lang_start::{{closure}}::hd07fb82232e74807
[INFO] [stderr]     26:     0x5641f03edf45 - core::ops::function::impls::<impl core::ops::function::FnOnce<A> for &F>::call_once::hb332f02ff9fc81e2
[INFO] [stderr]                                  at /rustc/e6e4f7ed1589e03bc2f6c5931c1a72e7947e8682/library/core/src/ops/function.rs:284:13
[INFO] [stderr]     27:     0x5641f03edf45 - std::panicking::try::do_call::hed879afea606d968
[INFO] [stderr]                                  at /rustc/e6e4f7ed1589e03bc2f6c5931c1a72e7947e8682/library/std/src/panicking.rs:500:40
[INFO] [stderr]     28:     0x5641f03edf45 - std::panicking::try::h395a878f3e4bd2f0
[INFO] [stderr]                                  at /rustc/e6e4f7ed1589e03bc2f6c5931c1a72e7947e8682/library/std/src/panicking.rs:464:19
[INFO] [stderr]     29:     0x5641f03edf45 - std::panic::catch_unwind::hb44b6ea043448d57
[INFO] [stderr]                                  at /rustc/e6e4f7ed1589e03bc2f6c5931c1a72e7947e8682/library/std/src/panic.rs:142:14
[INFO] [stderr]     30:     0x5641f03edf45 - std::rt::lang_start_internal::{{closure}}::h6184ba9e5b3e5fbf
[INFO] [stderr]                                  at /rustc/e6e4f7ed1589e03bc2f6c5931c1a72e7947e8682/library/std/src/rt.rs:148:48
[INFO] [stderr]     31:     0x5641f03edf45 - std::panicking::try::do_call::h8b2c97d4d3608274
[INFO] [stderr]                                  at /rustc/e6e4f7ed1589e03bc2f6c5931c1a72e7947e8682/library/std/src/panicking.rs:500:40
[INFO] [stderr]     32:     0x5641f03edf45 - std::panicking::try::hfa4cc536e097f1fe
[INFO] [stderr]                                  at /rustc/e6e4f7ed1589e03bc2f6c5931c1a72e7947e8682/library/std/src/panicking.rs:464:19
[INFO] [stderr]     33:     0x5641f03edf45 - std::panic::catch_unwind::ha3e2192625bb4844
[INFO] [stderr]                                  at /rustc/e6e4f7ed1589e03bc2f6c5931c1a72e7947e8682/library/std/src/panic.rs:142:14
[INFO] [stderr]     34:     0x5641f03edf45 - std::rt::lang_start_internal::hbd6687884d030770
[INFO] [stderr]                                  at /rustc/e6e4f7ed1589e03bc2f6c5931c1a72e7947e8682/library/std/src/rt.rs:148:20
[INFO] [stderr]     35:     0x5641f036ef07 - std::rt::lang_start::h44aebc48cb52b0b8
[INFO] [stderr]     36:     0x5641f036da55 - main
[INFO] [stderr]     37:     0x7f54023dfd90 - <unknown>
[INFO] [stderr]     38:     0x7f54023dfe40 - __libc_start_main
[INFO] [stderr]     39:     0x5641f0368e25 - _start
[INFO] [stderr]     40:                0x0 - <unknown>
[INFO] [stderr] warning: build failed, waiting for other jobs to finish...
[INFO] running `Command { std: "docker" "inspect" "206b52c858c9aff8afae2e5a7c934d5bbf42498c6a91efd80869a3476d8af943", kill_on_drop: false }`
[INFO] running `Command { std: "docker" "rm" "-f" "206b52c858c9aff8afae2e5a7c934d5bbf42498c6a91efd80869a3476d8af943", kill_on_drop: false }`
[INFO] [stdout] 206b52c858c9aff8afae2e5a7c934d5bbf42498c6a91efd80869a3476d8af943
